uppose -84 = -6*h - q*h. Let t(b) = 4*b**2 - 8*b + 10. What is the hundreds digit of t(h)?
1
Let u be (-24)/(-18)*336 - -3. Let h = 732 - u. What is the hundreds digit of h?
2
Let q = 4615 - -8817. What is the tens digit of (-2)/(-8) - q/(-32)?
2
Let s(t) be the first derivative of 71*t**3/3 + 2*t**2 + 10*t + 75. What is the hundreds digit of s(-3)?
6
Suppose -170258 = -18*g + 129160 + 86484. What is the thousands digit of g?
1
Let j be ((-45)/(-30))/((-2)/(-4)) - -46. Suppose -48*l = -j*l + 122. What is the tens digit of l?
2
Let l(k) = k**2 + 3*k + 9. Let g be l(0). Let r(a) = 26*a - 63. What is the units digit of r(g)?
1
Suppose 21 = -120*j + 127*j. Suppose -j*o = 4*k - 2248, 4*o + 1091 = -5*k + 4089. What is the hundreds digit of o?
7
Let f(u) = 2*u**3 - 21*u**2 + 17*u - 54. Let h be f(10). Suppose -4*p + 60 = p. Let t = h - p. What is the units digit of t?
4
Let z be 1/3 - (-200)/12. Suppose -p + 19 = z. Suppose -p*a + r = -316, 2*a + r + 3*r = 326. What is the tens digit of a?
5
Let r(a) be the third derivative of 5*a**4/24 - 173*a**3/6 + 80*a**2. What is the units digit of r(36)?
7
Suppose -5*z + 5*q = -86755, z = 3*z + 2*q - 34714. What is the tens digit of z?
5
Let o(k) = -19*k**2 + 14*k - 52. Let n be o(3). Suppose -3*h = 401 + 535. Let l = n - h. What is the hundreds digit of l?
1
Let o(n) = -n**2 - n + 3. Let v be o(-2). Let p = 11 + v. Let q = 94 - p. What is the units digit of q?
2
Suppose 0 = a - v - 7, 3*v + 1 = a - 12. Suppose -2*x = 3*m + x + 39, -40 = 3*m + a*x. What is the units digit of (17/34)/((-2)/m)?
3
Suppose 0 = 2*b - 5*z - 14, -4*b + z = 3*z - 76. Suppose -2*h + d = -3*d - 16, 0 = 4*h - 3*d - b. What is the units digit of h*(30/(-6) - -14)?
8
Suppose -35 = 3*h - 2*j, -h - j = 13 + 7. Let q = h - -16. What is the tens digit of (-29 + 38)/((-2)/(-18*q))?
8
Let s be 9/(-12) + -1 - (-2)/(-8). What is the units digit of (-12952)/(-24) - s/(-3)?
9
Let h(x) = -5292*x - 147. What is the units digit of h(-2)?
7
Let c(q) = 99*q**2 - 6*q - 18. Suppose 69 = -3*l - 20*l. What is the units digit of c(l)?
1
Let m be 2/10*(-50)/(-10). Let o be (1 - m)/((-3)/3). Suppose p - 3*b - 28 = o, -5*p + 150 + 75 = 2*b. What is the tens digit of p?
4
Suppose 5*r + 3*c = 230, -225 = 22*r - 27*r - 2*c. Suppose -19994 - 14836 = -r*d. What is the tens digit of d?
1
Let h(t) = 15*t**2 - 10*t. Suppose -15 = 34*d - 31*d. What is the tens digit of h(d)?
2
Let n be 1022 + (30/(-2))/(-3). Suppose -427 = 5*c - n. What is the tens digit of c?
2
What is the hundreds digit of (-4 - 140/(-8))*(-455504)/(-147)?
8
Let s(b) = -91*b + 162. Let f be s(15). Let k = f + 2673. What is the hundreds digit of k?
4
Suppose 10*z - 137 = 123. Let r be 35/7 + -5 - (z + -1). Let i = -11 - r. What is the units digit of i?
4
Suppose -6*j - 433 = -469. Let d(t) be the second derivative of t**4/4 - 2*t**3 - 5*t**2/2 + 2*t. What is the units digit of d(j)?
1
Let t = 58 + -56. Suppose t*f = -3*m - 2*m + 747, 4*f + 4*m - 1500 = 0. What is the hundreds digit of f?
3
Suppose -548856 = -90*k + 48*k. What is the thousands digit of k?
3
Let a be (8 - 40/5)*(-1)/(-4). Suppose -7*b + 1699 + 6316 = a. What is the hundreds digit of b?
1
Suppose 0 = -26*c + 35*c - 108. Let p = -9 + c. Suppose -3*a + 738 = 4*m + 82, 4*a - p*m - 883 = 0. What is the tens digit of a?
2
Suppose 2*z - 65123 = -s, z = -3*s + 150373 + 44991. What is the ten thousands digit of s?
6
Let g be 0/(-4) - (-1 + 0 + -67). Let x = g + -16. Suppose 5*u - 337 = -x. What is the tens digit of u?
5
Let j = 4688 + -871. What is the hundreds digit of j?
8
What is the thousands digit of ((-11109)/(-322))/(3/566)?
6
Suppose 0 = -2*j + 5*u - 87, 4*j = -5*u - 161 + 2. What is the units digit of j/(-5) + (16/(-10))/8?
8
Let u = 148 - 217. Let s be 4/2 - (u + 4 + -1). Suppose -5*m - 2*g + 355 = 0, -4*g = m - 3*g - s. What is the units digit of m?
3
Let f = 30 - 29. Let h be (8/(-16))/(f/4). What is the units digit of (12/(-18))/(h/474)?
8
Let g(d) = 82*d**2 + 9*d + 26. Let t be g(-4). Suppose -4*m = -t - 302. What is the tens digit of m?
0
Let i = -45 - -128. Let f = -60 + i. What is the tens digit of f?
2
Let q be (3/(-2) - 0)/((-3)/6). Suppose h = -4*j - 1, 0*j = h - q*j - 20. Let b = 60 + h. What is the tens digit of b?
7
Let l = 249 - 340. What is the hundreds digit of 2/(-13) + ((-11935)/l - 3)?
1
Suppose -9*h + 19 = -8. Suppose h*c + 2 = 4*c. What is the tens digit of (-28)/c*(66/(-12) - 0)?
7
Suppose -14*p - 33263 = -51*p. What is the units digit of p?
9
Suppose -2*x - 3*m = -40610, 286*m - 289*m - 20278 = -x. What is the tens digit of x?
9
What is the units digit of -1 + 23/21 + (-6565910)/(-357) + 17?
9
Let d be ((-430)/(-3))/((-10)/(-15)). Suppose -6*f = -193 - d. What is the units digit of f?
8
Suppose -33 = -9*m - 2*m. Suppose -4 = -4*h, m*h - 1374 - 229 = -2*l. What is the units digit of l?
0
Let c = 20913 - 6621. What is the ten thousands digit of c?
1
Suppose 28*m - 29*m - 1060 = 0. Let v = 2209 + m. What is the units digit of v?
9
Suppose -643*z + 640*z = d - 5558, -5*d = z - 1876. What is the tens digit of z?
5
Let t = 86 - -44. Let k = 38 + t. Let z = k - -106. What is the units digit of z?
4
Let u(k) = -9*k**3 + 8*k**2 + 6*k + 1. Let v be u(-5). Suppose 4*a - 2613 = 3*o, -o = 2*a + o - v. What is the hundreds digit of a?
6
Suppose -19426 = -2*w + 69492. What is the tens digit of w?
5
Suppose -9*s - 4*o + 4 = -5*s, 19 = -5*s + 3*o. Let c(a) = -71*a**3 - 4*a**2 - 2*a - 4. Let q be c(s). Suppose -8*b + q = -208. What is the units digit of b?
5
Let f(u) = u**2 - 9*u - 130. Let r(k) = k**2 - 8*k - 131. Let h(z) = -5*f(z) + 6*r(z). Let p be h(0). What is the units digit of (p/(-10))/(((-30)/25)/(-3))?
4
Let t be 530/45 + (-16)/(-72). Suppose 1520 = t*q - 4*q. What is the tens digit of q?
9
Let h(j) = 77*j + 457. Let o be h(-6). Let w(z) be the second derivative of -3*z**3 - z**2/2 - z. What is the tens digit of w(o)?
8
Let r(u) = 3*u**2 + 4*u - 1. Let p be r(-4). Suppose -237 = 60*q - 957. Let o = p + q. What is the tens digit of o?
4
Let y = 40493 + -23940. What is the tens digit of y?
5
Let x be (-16)/(-136) + 98/34. Suppose 5*p - x*z - 39 + 10 = 0, p + 4*z = -8. Suppose -2*b - 262 = -p*o + 158, 3*b - 324 = -3*o. What is the units digit of o?
6
Suppose 4*c + 394 = -370. Let z = 544 + c. What is the units digit of z?
3
Suppose j = -3*r + 2, 6*r - r + 10 = 0. Suppose -7*v - 415 = -j*v. What is the hundreds digit of v?
4
Let u be (-52)/(-10) - (-10)/(-50). Suppose -u*p = -4*l - 133 + 679, 2*l - p - 276 = 0. What is the units digit of l?
9
Let b(f) = 4 - 12*f**2 + 23*f - 5*f**2 + 18*f**2 + 2. What is the hundreds digit of b(9)?
2
Suppose 33*q - 2737072 = -16*q + 920239. What is the units digit of q?
9
What is the units digit of (-28344)/(-40)*(-2 - -17)?
9
Let x(i) = i**2 + 6*i + 8. Let n be x(-6). Let b(r) = r**3 - 2*r**2 - 7*r + 16. What is the units digit of b(n)?
4
Let g = 14450 - 7062. What is the hundreds digit of g?
3
What is the units digit of ((-21)/(-35) - (-60)/25) + 3042?
5
Let u(b) = 225*b**3 + 3*b**2 + 126*b - 494. What is the units digit of u(4)?
8
Suppose 4*b - 6707 = -1779. Let r = b + -638. Suppose 0 = -2*m - m + r. What is the tens digit of m?
9
Let r = 9944 - 1124. What is the hundreds digit of r?
8
Let i = -230 + 236. Suppose -i*p = -9*p + 1290. What is the units digit of p?
0
Let y(f) = 6*f**3 + 4*f**2 + 181*f + 4. What is the tens digit of y(14)?
8
Let w be -2 - -1*13 - (-6 - -6). Suppose 0 = w*p + 1080 - 3896. What is the tens digit of p?
5
Suppose -56*g = -55*g - 11555. What is the ten thousands digit of g?
1
Let g be 9*101 - 8*12/16. Suppose g = 6*o - 4143. What is the hundreds digit of o?
8
Let c(d) = -5*d**2 - 11*d - 29. Let u be c(-8). Let a = u + 469. What is the hundreds digit of a?
2
Let t be (-4622)/14 + (-30)/(-210). Let x = 770 + t. What is the tens digit of x?
4
Suppose -6*o + 10747 + 3221 = 0. What is the hundreds digit of (o/(-28))/(1 - (-16)/(-14))?
5
Suppose 0 = 3*o + 4*p - 35843, -o = -117*p + 118*p - 11946. What is the thousands digit of o?
1
Let g be (-7 - (-92)/12)/(2/12). Suppose g*h - 1008 = p - 5*p, 2*p - 1008 = -4*h. What is the units digit of h?
2
Let v = -2712 + 250. Let r = v + 3773. Suppose -8*q + r = 383. What is the tens digit of q?
1
Let z(p) = 15*p**2 + p - 199. W